 + w + 0. Let l = -4 - -2. What is b(l)?
-3
Let x(z) = -4*z + 1. Let b = 0 - -3. Let k = b + -1. Calculate x(k).
-7
Let u be (-1)/2 + 3/(-6). Let s(h) = 8*h**2 - 2*h - 1. What is s(u)?
9
Let a = 10 + 2. Let s = 17 - a. Let k(o) = 4*o - 11. Let y(l) = 3*l - 7. Let r(p) = 5*k(p) - 7*y(p). Calculate r(s).
-11
Let s(r) = -r + 1. Let y(l) = 24*l - 4. Let j(d) = -3*s(d) - y(d). What is j(1)?
-20
Let z = -7 - -12. Let x(y) = -y**3 + 4*y**2 + 2*y + 7. What is x(z)?
-8
Let j(l) = -8*l**3 - 7*l**2 - 20. Let b(q) = -3*q**3 - 2*q**2 - 7. Let i(m) = -11*b(m) + 4*j(m). Determine i(6).
-3
Suppose 0 = 2*h - 3*h. Suppose 4*k + i + 2 = 0, h = -6*k + k - 2*i - 1. Let w(f) be the first derivative of -f**4/2 + 2*f**3/3 + f**2 + f - 6. Give w(k).
3
Let t(o) = o - 3. Let l(v) = 2*v - 7. Let u be 1/(-3 + (-6)/(-3)). Let x = u + 4. Let i(f) = x*l(f) - 7*t(f). What is i(2)?
-2
Let v be 1 - (1 - -1 - 3). Let j(o) = o + 3*o**3 + 2 + 3*o**3 - o**v - 7*o**3. Suppose -10 = -5*i - 5*w, -i + 7 = 5*w - 3. What is j(i)?
2
Let l(o) = 7*o**2 - o. Let u(t) = -15*t**2 + 3*t. Let s(p) = -13*l(p) - 6*u(p). What is s(-6)?
-6
Let p(g) = -99 + 3*g - 5*g + 102. What is p(-3)?
9
Let k(l) = -1 + 12*l**2 - l - l**2 - 3*l + 6*l. Calculate k(1).
12
Suppose -24 = -2*s - 3*s - b, 5*b - 20 = 0. Suppose 2*c = -z + s*c - 8, 5*c - 6 = -z. Let p(l) = l + 3. What is p(z)?
-1
Suppose -t = m + 58, 2*t - 4*m + 335 = -3*t. Let d be 42/t - 7/3. Let w(a) = -2*a - 3. What is w(d)?
3
Let c(v) = 2 + 0*v + 3*v - 4*v. Let w be (20*5/20)/1. Give c(w).
-3
Let r(g) = -g + 11. Let u be 60/9 + (-2)/(-6). What is r(u)?
4
Let l(y) = -5*y + 7. Suppose c = 2*c. Let n(b) = c + 0*b - 1 + b. Let d(p) = l(p) + 4*n(p). Calculate d(5).
-2
Let p(k) = -k + 6. Let z be (4/(-6))/(12/126). Let h = -2 - z. What is p(h)?
1
Suppose 5*j - 37 = -12. Suppose 5*p + 10 = 0, -3*h + 0*h - j*p + 20 = 0. Let c(i) = 3*i + h*i + 1 - 6*i. Determine c(-1).
-6
Let y be (-34)/(-16) + (-5)/40. Let b(x) = x**2 + x + 1. Give b(y).
7
Suppose 11 = 3*c + 2*w, 4*c - 4*w + 5 = -7. Let k(f) = -f**3 + 4*f**2 + 5*f + 3. Let b be k(5). Let a(t) = -t + 1 + b - 3*t - 3. Calculate a(c).
-3
Let x(r) = r**2 + r + 1. Let g = -11 + 15. Let a = 4 - g. Give x(a).
1
Let c(t) = t**3 + 4*t**2 + 4. Let m(p) = -p**2 + 2*p + 4. Let y be m(4). Determine c(y).
4
Let p(l) be the second derivative of -l**3/3 + l**2/2 + 4*l. Suppose 2*n = 2 - 14. Give p(n).
13
Let z(b) = -2*b**2 + 3*b - 3. Let y be (51/9)/(2/6). Let p = y - 11. Let c be p*(2/(-3))/(-2). Give z(c).
-5
Let k(j) = j**3 + 4*j**2 - 6*j - 5. Suppose 2*s = 7*s + 25. Calculate k(s).
0
Let d(i) be the second derivative of i**4/12 + 3*i**3/2 + 9*i**2/2 + 13*i. Calculate d(-7).
-5
Let x(f) = f**3 + 8*f**2 - 3*f - 10. Suppose -96 = 10*s + 2*s. Determine x(s).
14
Let p(g) = -3*g + g + 3 + g. Let t(k) = -2*k - 26. Let s be t(-15). Calculate p(s).
-1
Let p be ((-4)/5)/(2/(-5)). Let k(w) be the first derivative of -4*w - 3/2*w**p + 1/4*w**4 + 3 - 4/3*w**3. Determine k(5).
6
Let m(b) = b - 2. Let w(c) = 5*c**3 - 2*c + 1. Let t be w(1). Let n be m(t). Let i(j) = -j + 2. What is i(n)?
0
Suppose p + 3*p = 8. Let o be 8/(-4)*p/(-2). Let a(j) be the second derivative of -j**4/6 + j**3/2 - 2*j. What is a(o)?
-2
Let h(x) = x**3 - x**2. Let y be 1/2 - 5/2. Let w = -4 - y. Let p = w + 1. Determine h(p).
-2
Let b(w) = -2*w + 5. Let a(i) = i - 3. Let m(o) = 3*a(o) + 2*b(o). Let s(r) = -2 + 4 + r - 1. Let p be s(-6). Determine m(p).
6
Let v be (1/(-2))/((-3)/(-30)). Let q(j) be the third derivative of 1/24*j**4 + 5/3*j**3 + 0 + 4*j**2 + 0*j. Calculate q(v).
5
Suppose 0 = d + z - 10, -6*d + d + 4*z = -14. Suppose 5*c = -2*a + d, -a + 2*c + 8 = 7*c. Let n(m) = -3*m**2 - 4*m - 3. Determine n(a).
-7
Let a(i) = i**3 - i**2 - 2*i - 1. Suppose -10*x + 2 - 22 = 0. What is a(x)?
-9
Let m(r) = 2*r - 3. Suppose 0*k - 2*k = 2. Let y be k*(-4)/(2/2). Give m(y).
5
Let l(k) = -7*k**3 + 9*k**2 - 12*k + 7. Let d(r) = 11*r**3 - 13*r**2 + 18*r - 11. Let h(b) = -5*d(b) - 8*l(b). Calculate h(6).
-1
Suppose 4*x = 2*x. Let w(m) = m - 5. Give w(x).
-5
Let l(s) be the first derivative of s**3 + s**2 + 3. Let h(g) = g**3 - 6*g**2 + 4*g + 3. Let r be h(5). Calculate l(r).
8
Let f(n) = -n + n**3 + 5*n - 5*n - 5. Calculate f(0).
-5
Let q(y) = -y**3 - 6*y**2 + 2*y + 8. Suppose -3*x = -x - 6. Let v be 2*x/(-15)*15. Calculate q(v).
-4
Suppose 0 = 10*a - 15*a - 20. Suppose -2*c + 4 = z, 4*z + 0*c - 5*c - 3 = 0. Let u(l) = l + l + 3*l + l**z - 2. Calculate u(a).
-6
Let v be (5/25)/(-1) + 2/10. Let p(r) = -r**2 + r + 11. Give p(v).
11
Let l(w) = 2*w**2 + 13*w**3 - 6*w**2 + 2 + 5 - 2*w**2 + 10*w. Let d(i) = -7*i**3 + 3*i**2 - 5*i - 4. Let k(s) = -11*d(s) - 6*l(s). Determine k(3).
-13
Let t = -6 + 1. Let b = -6 + 9. Let u(p) = -3*p + 6*p + p - b*p. What is u(t)?
-5
Let i(g) = -g**2 - 4*g + 4. Let l be (-46)/7 - 44/(-77). Let d be -10*(-3)/l - -1. Calculate i(d).
4
Let j(t) = 2*t**3 - 13*t**2 - 11. Let u(n) be the second derivative of -n**5/20 + 7*n**4/12 + 3*n**2 + 3*n. Let d(y) = -6*j(y) - 11*u(y). What is d(-1)?
2
Let c(r) = 3*r + 20. Let q be c(-6). Suppose -4*t - 6 = 10, -q*p = -4*t - 6. Let u(x) = x**3 + 6*x**2 + 5*x - 1. Give u(p).
-1
Let j be (-3)/(6/(-4)) - -2. Suppose m - 3*a = 6 + 5, -j*m + a = 0. Let v(f) = -f - 4. Let w(c) = -3*c - 13. Let p(b) = 7*v(b) - 2*w(b). What is p(m)?
-1
Let p = 0 + 5. Let d(a) = -a**3 + 4*a**2 + 6*a. Let j be d(p). Let t(m) = m**3 - 6*m**2 + 8*m - 5. Calculate t(j).
10
Let h(z) = -z**3 + 9*z**2 - 8*z + 6. Let m be h(8). Suppose 3*v = m*v - 9. Let g(n) = -2*n**2 - 3*n**2 + 6*n**2 + v*n + 1. Calculate g(-4).
5
Let d = -24 - -25. Let g(c) be the third derivative of c**6/120 + c**5/30 - c**3/6 - 3*c**2. Give g(d).
2
Let x(v) be the first derivative of v**3/3 - 5*v**2/2 - 8*v + 6. Calculate x(6).
-2
Let g = 2 + 0. Let h(k) = 1 + 2*k - 4 - k**2 + 3. What is h(g)?
0
Let k = -15 + 15. Let m(b) be the third derivative of -1/120*b**6 - 1/6*b**3 + b**2 + 1/60*b**5 + 1/12*b**4 + k*b + 0. Determine m(2).
-1
Let h(c) = -2*c**3 + c**3 - 3*c**2 + 2*c**2. Let u(y) be the second derivative of y**3/6 + 3*y**2 + 3*y. Let n be u(-8). Calculate h(n).
4
Let s(z) = -z**3 + z**2 + 2. Suppose 0 = 2*j + j. What is s(j)?
2
Let y(f) = -f - 6. Let u(z) = z**3 - z**2 - 5. Let g be u(0). Determine y(g).
-1
Let c(z) be the first derivative of 13*z**6/360 - z**5/120 - 7*z**3/3 - 10. Let y(s) be the third derivative of c(s). Determine y(-1).
14
Let o(s) = -s - 1. Let d(t) = -t**2 - 11*t - 5. Let x(h) = d(h) - 4*o(h). Let z be (-112)/18 - (-52)/234. Give x(z).
5
Let c(t) = t**2 - 8*t + 6. Let h(i) = -i**2 - 13*i - 15. Let d be h(-11). Determine c(d).
-1
Let u(c) = -3 + 3 + 2*c + 2. Suppose 5*j - 25 = 5*b, 20 = -4*b - 4*j + j. Calculate u(b).
-8
Suppose 2*j + 2*j = -76. Let w = 13 + j. Let y(h) = 2*h + 6. Calculate y(w).
-6
Suppose -3*d = -12, -21 = -3*n + d - 10. Suppose n*g + 4*m = -18, -g - m = m + 6. Let c(h) = 5*h + 3. Calculate c(g).
-7
Let z = -26 + 36. Let o(k) = 16*k - 30. Let t(i) = -3*i + 6. Let l(d) = -2*o(d) - 11*t(d). Let x be l(z). Let s(v) = -v**2 + 2*v + 1. Determine s(x).
-7
Let o be 3/9*(3 + -4 + -8). Suppose 2*y - 4*y + 5*v = 10, -v = -5*y - 25. Let t be y/o*(-9 - -6). Let z(i) = -i**2 - 4*i + 3. What is z(t)?
-2
Let p(r) = r**3 + 2*r**2 - 4*r. Let v be 3/(-3) - (0 + 2). Determine p(v).
3
Let r(o) be the first derivative of 3*o**2/2 + 7*o - 8. Let b = -18 + 13. Give r(b).
-8
Let d(j) = -j**3 + j**2 + j + 2. Let a be d(2). Suppose 2*u = 4 - a. Let x(t) = t**3 - 3*t + 3. What is x(u)?
5
Let s(h) be the third derivative of 0*h**3 + 0*h + 0 + 4*h**2 + 0*h**4 + 1/60*h**5. Let r = 3 + -4. Determine s(r).
1
Let x = 11 - 7. Suppose -2*w + x = -6. Let g(d) = -d**3 + 6*d**2 - 5*d + 5. Give g(w).
5
Let n(w) = 7*w**2 + 17*w + 5. Suppose 0 = 3*g + 3 + 12. Let u(r) = 0*r**2 - 2*r**2 + 2 + 8*r + 5*r**2. Let s(p) = g*u(p) + 2*n(p). Calculate s(-5).
5
Let m(n) = -2*n**3 - 7*n**2 + 3*n - 4. Let h be m(-4). Let o(j) = j**3 + j**2 - j - 3. Give o(h).
-3
Let j(g) = 12*g**2 - 9*g - 3. Let b = -6 + 8. Let h(i) = -6*i**2 + 7*i - 2. Let u(d) = d - 1. Let y(q) = h(q) - 3*u(q). Let p(r) = b*j(r) + 5*y(r). Give p(1).
-5
Let j(o) = -o**2 - 5*o - 6. Let c = 0 - -2. Suppose c*x + 0 - 4 = f, 2*f + 8 = -4*x. Determine j(f).
-2
Let l(j) = 6*j - 4. Suppose 2*i + 4 = -6. Let m(c) = -c -